{"id":26,"date":"2019-02-07T10:12:55","date_gmt":"2019-02-07T10:12:55","guid":{"rendered":"https:\/\/ripandi.com\/?page_id=26"},"modified":"2019-04-30T11:59:30","modified_gmt":"2019-04-30T11:59:30","slug":"quienes-somos","status":"publish","type":"page","link":"https:\/\/ripandi.com\/?page_id=26","title":{"rendered":"Qui\u00e9nes somos"},"content":{"rendered":"<p>[et_pb_section fb_built=\u00bb1&#8243; admin_label=\u00bbFeatures\u00bb _builder_version=\u00bb3.21.4&#8243; use_background_color_gradient=\u00bbon\u00bb background_color_gradient_start=\u00bbrgba(43,135,218,0)\u00bb background_color_gradient_end=\u00bb#ffffff\u00bb background_color_gradient_direction=\u00bb171deg\u00bb background_color_gradient_start_position=\u00bb39%\u00bb background_color_gradient_end_position=\u00bb95%\u00bb background_color_gradient_overlays_image=\u00bbon\u00bb background_image=\u00bbhttps:\/\/ripandi.com\/wp-content\/uploads\/2019\/04\/Wine_Ham_Cheese_Bread_458126.jpg\u00bb custom_padding=\u00bb62px|0px|81px|0px|false|false\u00bb][et_pb_row _builder_version=\u00bb3.21.4&#8243;][et_pb_column type=\u00bb1_2&#8243; _builder_version=\u00bb3.21.4&#8243;][\/et_pb_column][et_pb_column type=\u00bb1_2&#8243; _builder_version=\u00bb3.21.4&#8243;][et_pb_text _builder_version=\u00bb3.21.4&#8243; header_font=\u00bb||||||||\u00bb header_font_size=\u00bb50px\u00bb header_letter_spacing=\u00bb1px\u00bb]<\/p>\n<h1 style=\"text-align: center;\">\u00bfQui\u00e9nes somos?<\/h1>\n<p>[\/et_pb_text][\/et_pb_column][\/et_pb_row][et_pb_row custom_padding=\u00bb84px|0px|55px|0px|false|false\u00bb admin_label=\u00bbSection Header\u00bb _builder_version=\u00bb3.0.80&#8243; module_alignment=\u00bbcenter\u00bb][et_pb_column type=\u00bb1_2&#8243; _builder_version=\u00bb3.0.47&#8243;][\/et_pb_column][et_pb_column type=\u00bb1_2&#8243; _builder_version=\u00bb3.0.47&#8243;][et_pb_text disabled_on=\u00bboff|off|off\u00bb admin_label=\u00bbSubtittle\u00bb _builder_version=\u00bb3.21.4&#8243; text_font=\u00bbNunito||||||||\u00bb text_text_color=\u00bb#787070&#8243; text_font_size=\u00bb18px\u00bb text_line_height=\u00bb1.8em\u00bb header_font=\u00bbOswald||||\u00bb header_font_size=\u00bb16px\u00bb header_letter_spacing=\u00bb2px\u00bb header_line_height=\u00bb1.7em\u00bb text_orientation=\u00bbcenter\u00bb max_width=\u00bb600px\u00bb max_width_last_edited=\u00bbon|phone\u00bb module_alignment=\u00bbcenter\u00bb custom_margin=\u00bb-30px|||\u00bb]<\/p>\n<h4 style=\"text-align: justify;\"><strong>Distribuciones Ripandi<\/strong> es una empresa situada en Goi\u00e1n dedicada a la comercializaci\u00f3n de productos de alimentaci\u00f3n y bebidas cuyo objetivo es ofrecer un servicio de <strong>la mayor calidad posible<\/strong>. Y eso pasa, en primer lugar, por la calidad de propio producto ofrecido.<\/h4>\n<p>[\/et_pb_text][\/et_pb_column][\/et_pb_row][et_pb_row _builder_version=\u00bb3.21.4&#8243;][et_pb_column type=\u00bb1_2&#8243; _builder_version=\u00bb3.21.4&#8243;][\/et_pb_column][et_pb_column type=\u00bb1_2&#8243; _builder_version=\u00bb3.21.4&#8243;][et_pb_text disabled_on=\u00bboff|off|off\u00bb admin_label=\u00bbtexts\u00bb _builder_version=\u00bb3.21.4&#8243; text_font=\u00bbNunito||||||||\u00bb text_text_color=\u00bb#ffffff\u00bb text_font_size=\u00bb18px\u00bb text_line_height=\u00bb1.8em\u00bb header_font=\u00bbOswald||||\u00bb header_font_size=\u00bb16px\u00bb header_letter_spacing=\u00bb2px\u00bb header_line_height=\u00bb1.7em\u00bb text_orientation=\u00bbcenter\u00bb max_width=\u00bb600px\u00bb max_width_last_edited=\u00bbon|phone\u00bb module_alignment=\u00bbcenter\u00bb custom_margin=\u00bb-30px|||\u00bb]<\/p>\n<h4 style=\"text-align: justify;\"><span style=\"color: #000000;\">Por eso colaboramos con destacados fabricantes y proveedores de las <strong>primeras marcas<\/strong> del mercado; para que nuestros clientes cuenten con una amplia oferta de productos <strong>cuidadosamente seleccionados.<\/strong><\/span><\/h4>\n<p>[\/et_pb_text][\/et_pb_column][\/et_pb_row][et_pb_row _builder_version=\u00bb3.21.4&#8243;][et_pb_column type=\u00bb1_2&#8243; _builder_version=\u00bb3.21.4&#8243;][\/et_pb_column][et_pb_column type=\u00bb1_2&#8243; _builder_version=\u00bb3.21.4&#8243;][et_pb_text _builder_version=\u00bb3.21.4&#8243;]<\/p>\n<h4 style=\"text-align: justify;\">Pero tambi\u00e9n es indispensable la <strong>calidad del equipo<\/strong> Ripandi, que desde hace m\u00e1s de 20 a\u00f1os, hace su trabajo desde la premisa de la <strong>mejora continua<\/strong>. Nuestra amplia experiencia en el sector hace posible ese prestigio contrastado, el <strong>cuidado en el detalle<\/strong>, y la calidad del servicio.<\/h4>\n<p>[\/et_pb_text][\/et_pb_column][\/et_pb_row][\/et_pb_section]<\/p>\n","protected":false},"excerpt":{"rendered":"<p>\u00bfQui\u00e9nes somos? Distribuciones Ripandi es una empresa situada en Goi\u00e1n dedicada a la comercializaci\u00f3n de productos de alimentaci\u00f3n y bebidas cuyo objetivo es ofrecer un servicio de la mayor calidad posible. Y eso pasa, en primer lugar, por la calidad de propio producto ofrecido. Por eso colaboramos con destacados fabricantes y proveedores de las primeras [&hellip;]<\/p>\n","protected":false},"author":1,"featured_media":0,"parent":0,"menu_order":0,"comment_status":"closed","ping_status":"closed","template":"","meta":{"_et_pb_use_builder":"on","_et_pb_old_content":"","_et_gb_content_width":"","footnotes":""},"class_list":["post-26","page","type-page","status-publish","hentry"],"_links":{"self":[{"href":"https:\/\/ripandi.com\/index.php?rest_route=\/wp\/v2\/pages\/26","targetHints":{"allow":["GET"]}}],"collection":[{"href":"https:\/\/ripandi.com\/index.php?rest_route=\/wp\/v2\/pages"}],"about":[{"href":"https:\/\/ripandi.com\/index.php?rest_route=\/wp\/v2\/types\/page"}],"author":[{"embeddable":true,"href":"https:\/\/ripandi.com\/index.php?rest_route=\/wp\/v2\/users\/1"}],"replies":[{"embeddable":true,"href":"https:\/\/ripandi.com\/index.php?rest_route=%2Fwp%2Fv2%2Fcomments&post=26"}],"version-history":[{"count":14,"href":"https:\/\/ripandi.com\/index.php?rest_route=\/wp\/v2\/pages\/26\/revisions"}],"predecessor-version":[{"id":1026,"href":"https:\/\/ripandi.com\/index.php?rest_route=\/wp\/v2\/pages\/26\/revisions\/1026"}],"wp:attachment":[{"href":"https:\/\/ripandi.com\/index.php?rest_route=%2Fwp%2Fv2%2Fmedia&parent=26"}],"curies":[{"name":"wp","href":"https:\/\/api.w.org\/{rel}","templated":true}]}}